e the remainder when 1*-1*(-46 - 14) is divided by n.
16
Let u(g) = 4*g + 39. Let t be u(-8). What is the remainder when 494 is divided by (231/6 - (10 - t))*2?
68
Let y = -218 + 400. Suppose 5*o = -f - 37, -2*o + 5*o + y = -4*f. Let x = f + 96. Calculate the remainder when x is divided by 26.
23
Let y = -122 + 127. Suppose 1545 = 20*x - y*x. Calculate the remainder when x is divided by (0 - -1) + (10 - -4).
13
Suppose 6*v = v. Suppose v = -3*f - 3*i - 12, -2 = -f + 4*i + 14. Suppose f = -2*y + 57 + 7. Calculate the remainder when 63 is divided by y.
31
Suppose -5*g = v - 924 - 505, 4*g - 5*v - 1120 = 0. What is the remainder when 878 is divided by g?
23
Let m be 6/((-3)/72*-6). Suppose -10*q + 8*q - m = -o, 136 = 4*o + 2*q. What is the remainder when o is divided by 19?
13
Let p be (-2 - 2) + 2 + (5 - -2). Let c be (-1)/(2 + (-5)/p). Calculate the remainder when 118 is divided by (-7 + 2)/(c/8).
38
Let t = 14086 - 13120. What is the remainder when t is divided by 38?
16
Let l(b) = b**3 + 20*b**2 - 193*b - 12. Calculate the remainder when 7007 is divided by l(-27).
95
Suppose 61*q - 50*q = 165. Suppose -c = -3*c + 8, c = 3*k - 158. Calculate the remainder when k is divided by q.
9
Let d be 125/100*(-4)/(-1). Suppose -w + 4*h + 5 = 0, -d*w + 3*h + 89 = 13. What is the remainder when 79 is divided by w?
11
Let y = -348 - -353. Suppose -r + 155 = 3*m, -4*r + r = y*m - 445. What is the remainder when r is divided by 13?
10
Let s(p) = 112*p - 403. Calculate the remainder when 64 is divided by s(4).
19
Let d = -39 - -55. Suppose 154 = 5*j + 2*h - 135, 5*j = 5*h + 275. Suppose -v + j = -38. What is the remainder when v is divided by d?
15
Suppose 4*r - 5787 = 9*r - 14*r. What is the remainder when r is divided by 6?
1
Suppose -2139*o - 12320 = -2153*o. What is the remainder when o is divided by 870?
10
Let r(c) = c**2 + 2*c - 1. Let y(v) = 5*v**2 + 15*v - 27. Let k(o) = 6*r(o) - y(o). What is the remainder when k(9) is divided by 23?
6
Suppose 0 = -20*o + 23*o - 888. Suppose 393 = 5*f + 4*l, -f + 67 = -58*l + 53*l. What is the remainder when o is divided by f?
65
Suppose -4*n + v = -78, -3*n - 7*v + 12*v + 67 = 0. What is the remainder when -4 + 95 + 5 + 0 + -2 is divided by n?
18
Suppose 46088*s = 46117*s - 725. Suppose 5*z = z + 696. Calculate the remainder when z is divided by s.
24
Let d be (4/36)/(3/(-27)). What is the remainder when 139 is divided by (8/(-10))/((-135)/125 - d)?
9
Suppose 12*c = 88 + 224. Let u = c - -1. Suppose 1200 = -h + 6*h. Calculate the remainder when h is divided by u.
24
Let y(j) = 2*j**2 + 207*j + 920. Calculate the remainder when 139 + 0 + -2 + 1 is divided by y(-99).
22
Let x = 1298 - 731. Suppose -14*r = 7*r - x. What is the remainder when r is divided by 12?
3
Let f = -1110 - -1184. Calculate the remainder when 961 is divided by f.
73
Let f(b) = 3*b**2 - 329*b + 3209. Suppose 0 = -2*j + 104 - 16. What is the remainder when f(10) is divided by j?
43
Suppose 2*a - 786 = d, -d + 1337 + 235 = 4*a. What is the remainder when a is divided by 110?
63
Calculate the remainder when 300 is divided by 602/215*(11 - 1).
20
Calculate the remainder when 8/(-144)*-5764 + 0 + (-6)/27 is divided by 119.
82
Suppose 10*j + 32*j + 10089 = 61*j. Calculate the remainder when j is divided by 134.
129
Suppose 3*f = -4*h + h + 237, 0 = 2*h. Calculate the remainder when f is divided by ((-714)/(-17))/((-3)/((4 + 5)/(-9))).
9
Suppose -5*b - 64 = 3*o - 2*o, 0 = 5*b - 4*o + 44. Let s = 13 + b. Suppose 0 = -l - s + 20. Calculate the remainder when 75 is divided by l.
18
Let z = 19 + 24. Let b = z + -30. Suppose 5*x - b = 17. What is the remainder when x is divided by 5?
1
Suppose 2*x - 2*l - 195 = -5*l, 5*x + 2*l - 504 = 0. What is the remainder when 596 is divided by x?
86
Let i = -5 + 3. Suppose -5*t = -o - 13, -4*o + 82 = -6*t + 106. What is the remainder when 3/(2/(0 - i)) is divided by t?
1
Suppose -18*h = -9*h - 36. Let z(o) = 19*o - 45. Suppose 0 = -g + 7 + 54. What is the remainder when g is divided by z(h)?
30
Let i(c) = -75*c**3 - 7*c**2 + 6*c + 13. What is the remainder when i(-1) is divided by 11?
9
Let f(m) be the third derivative of 0*m + 1/60*m**5 + 6*m**2 + 0 - 5/8*m**4 - 43/6*m**3. What is the remainder when 98 is divided by f(19)?
32
Let q(h) = 6*h**2 - h. Suppose -19 = -5*r - 94. What is the remainder when (-291)/r + (-1 - 15/(-25)) is divided by q(-1)?
5
Suppose -4*f + 30 = -o, 0 = 3*o - 4*f + 2*f + 90. What is the remainder when 96 is divided by (-888)/(-20) - ((-102)/o + -3)?
8
Let x be (-20)/6*(-165)/5. Suppose 3*q = -4*s + 156, -4*s + 4*q + x + 46 = 0. What is the remainder when 180 is divided by s?
24
Let h(p) = -2*p**2 - 270*p + 16997. Let w = -6 + 20. What is the remainder when h(45) is divided by w?
13
Suppose 0 = -22*r + 26*r - 7900. Let h = 2772 - r. What is the remainder when h is divided by 80?
77
Suppose -4*a = -3*b - 120, a + 5*b = -2*a + 61. Calculate the remainder when (-255)/(-6)*((-168)/20)/(-7) is divided by a.
24
Suppose 3*i = 0, -2*i = -m + 4*m - 21. Let f be (5 - 7)*(-1)/(-2). Calculate the remainder when (-108)/2*f/2 is divided by m.
6
Let c = -11898 + 11932. Calculate the remainder when 2172 is divided by c.
30
Suppose 450 = 5*d + 2*c, 4*d = -17*c + 12*c + 360. Calculate the remainder when 210 is divided by d.
30
What is the remainder when 103 is divided by ((-52)/52)/((2/(-78))/1)?
25
Let x be 6*6/24 + (-6)/(-4). Suppose -7*w = -x*i - 5*w + 1130, 4*i = -4*w + 1480. What is the remainder when i is divided by 54?
50
Let l(u) = -3*u**2 - 6*u**2 + 8*u**2 - 4 + 2*u**3. Let k = -222 + 243. What is the remainder when l(3) is divided by k?
20
Calculate the remainder when 108 is divided by 440/(-275)*(-10)/6*174/8.
50
Suppose 49*r + 3054 - 3397 = 0. What is the remainder when 1375 is divided by r?
3
Let g(n) = 9*n**2 - 6 - 12*n**2 - 5 - 16*n + 0. Let f be g(-8). Let c = -50 - f. Calculate the remainder when c is divided by 15.
10
Suppose -99*v + 159828 = -3*v - 20*v. Calculate the remainder when v is divided by 18.
15
Let b(w) = 24*w - 189. Let p be b(8). What is the remainder when p*-2*(-119)/21 is divided by 5?
4
Suppose -10 = -4*a + 3*a. What is the remainder when 11090/300 + (-7)/(-210) is divided by a?
7
Let m = 95 + -22. Let f = 16 + -26. Calculate the remainder when m is divided by (1 + (-94)/(-6))*(-15)/f.
23
Let w = -4532 + 4549. What is the remainder when 1035 is divided by w?
15
Let d(f) = -f**3 - 2*f**2 - 5*f + 3. Let b be d(0). Let j be 1/2*1*-80. Calculate the remainder when b/(-1 - j/38) is divided by 31.
26
Suppose o + 2 = 7, -61 = -z + o. Suppose 0 = 12*s - z*s + 9882. What is the remainder when s is divided by 65?
53
Suppose 35*d - 41*d + 428 = 86. What is the remainder when 191 is divided by d?
20
Let l = 2838 + -1139. What is the remainder when l is divided by 23?
20
What is the remainder when 170/(3 + -2)*22*8/352 is divided by 53?
32
Let d be ((-8)/3)/(10/(-45)). Suppose f + 0 = d. Let a(s) = -s**2 - 18*s - 35. Calculate the remainder when f is divided by a(-15).
2
Let w = 5712 - 5697. What is the remainder when 11054 is divided by w?
14
What is the remainder when 581 is divided by 34 + 2 - (50/10 - 0)?
23
Suppose -249*g + 2*w + 1317 = -248*g, 2*g + 2*w = 2682. Calculate the remainder when g is divided by 32.
21
Suppose -3*x + 7101 = j, x - 164*j - 2356 = -168*j. Calculate the remainder when x is divided by 103.
102
Suppose 4*o - 2*z - 34 = 0, 4 = -o - 3*z - 5. Suppose 51 = o*r - 15. What is the remainder when (-296)/(-7) - 10/35 is divided by r?
9
Let p(d) = d**3 + 9*d**2 - 127*d - 990. What is the remainder when 1058 is divided by p(-9)?
140
Suppose -47*u - 434 + 3331 = -2226. What is the remainder when 135 is divided by u?
26
Let d(n) = 4*n**2 - 23*n - 366. Calculate the remainder when 1878 is divided by d(13).
8
Suppose 3*u - 5*j = -190, -8 = u - j + 58. Let c = 106 + u. Calculate the remainder when 2/(-3) - (7 - (-3122)/(-21)) is divided by c.
33
Let h = -394 + 430. What is the remainder when 931 is divided by h?
31
Let x = -15 + 35. Suppose -h = -3*h + x. Let c = h + 26. What is the remainder when c is divided by 11?
3
Suppose 3*h + 103 = 5*y + 8, -33 = -3*y - 3*h. Suppose 4*v - 53 - 35 = 4*n, 0 = -4*n + y. Calculate the remainder when v is divided by 10.
6
Let t(j) = j**3 + 8*j